mainder when s is divided by g.
14
Let i = -210 + 225. Calculate the remainder when 98 is divided by i.
8
Suppose 5*m + 2 = 52. Suppose 0 = b - 4. Suppose -5*c = r - 175, m = -b*c + 4*r + 174. Calculate the remainder when c is divided by 13.
10
Suppose -2*d - 4 = -0*x + x, 0 = -2*x + 5*d + 28. Calculate the remainder when 59 + (3 - (-1 + x)) is divided by 30.
29
Let b be ((-445)/25 - -1)/(3/(-10)). Suppose 0 = 5*f - 9*f + b. Calculate the remainder when 38 is divided by f.
10
Let j be 6/(-4)*60/90. Calculate the remainder when 6 is divided by 8/4 + -2 - j.
0
Suppose 2*m - 112 = 4*h, -2*h - 273 = -5*m + h. Let w = m - 26. Suppose 42 + w = 2*b. Calculate the remainder when b is divided by 9.
8
Let b = 5 - -28. What is the remainder when 964/10 + 138/230 is divided by b?
31
Let y = -223 - -250. Calculate the remainder when y is divided by 7.
6
Let m = 31 - 144. Let a = 243 + m. Calculate the remainder when a is divided by 33.
31
Let a(c) = -5*c - 10. Let i be a(-9). Suppose -9 = -4*l + g + i, -2*l + 36 = -4*g. Let r = -72 + 111. Calculate the remainder when r is divided by l.
9
Suppose 7 = -2*j + 17, -4*j = y - 169. Calculate the remainder when y is divided by 11.
6
Let l(j) = -2*j**2 - j + 2*j + 3*j**2 + 4. Let p = 1649 - 1644. What is the remainder when p is divided by l(0)?
1
Let x = 45 - 37. Calculate the remainder when 16 is divided by x.
0
Let k(v) = 2*v**3 + 8*v**2 + 4. Calculate the remainder when 109 is divided by k(-3).
21
Let w(c) = 6*c + 4. Suppose 3*i + 2*p + 20 = p, -2*i = -5*p + 2. Let t = i + 25. What is the remainder when t is divided by w(1)?
9
Let r(w) = 2*w**3 + 2*w**2 - 3*w. Let t = 15 - 12. Suppose t*j - 24 = -3*j. What is the remainder when r(2) is divided by j?
2
Let f(p) = p**3 + 10*p**2 + 11*p + 12. Let d(o) = -o**2 - 5*o - 7. Let t be d(-5). Calculate the remainder when f(t) is divided by 14.
12
Let w = 27 + -23. Suppose -2*r + w*r - 10 = -t, -t = -5*r - 3. Suppose -5*y = 0, -y + 3*y = 2*a - t. Calculate the remainder when 10 is divided by a.
2
Let q(v) = -1 - 20 - 7*v + 8. Let m be q(-13). Suppose -9*z + 6*z = -m. Calculate the remainder when z is divided by 7.
5
Suppose 4*j = 2*z - 100, 6 = j + 3. Suppose 0 = -k - 1 + 3. Suppose -3*s + 44 = k*x - 7, 3*x + 28 = s. What is the remainder when z is divided by s?
18
Let j = 195 - 70. Calculate the remainder when j is divided by 25.
0
Let i(x) = -x + 4 + 2 + 8. Let u be i(11). Suppose 0*h = -h + 5*b + 4, u*b = -4*h + 62. What is the remainder when 24 is divided by h?
10
Let q be 0 - 4 - -8 - -32. Let x = q + -29. Calculate the remainder when 24 is divided by x.
3
Suppose -2*i + 3*i + 4 = 2*c, 40 = 5*c + 5*i. Suppose -t = -4*o + 4*t + 131, -46 = -2*o - c*t. Calculate the remainder when 115 is divided by o.
28
Suppose 0 = -5*v, 6*h = h + 3*v + 210. Suppose 2*n + 3*t = 23, -3*t - h = -5*n + 5. What is the remainder when 38 is divided by n?
8
Let t = -8 - -11. Let w(y) = -y - 4 + y**2 - 35*y**3 + 12*y**3 + 24*y**3. What is the remainder when 56 is divided by w(t)?
27
Let k(y) = y**3 + 11*y**2 + 10*y + 4. Let n be k(-10). Suppose 5*j + 5 = n*j, -f = -5*j - 21. Let t = f - -8. Calculate the remainder when 19 is divided by t.
3
Suppose -94 = -4*f + 2*n, 0 = -8*f + 3*f + 3*n + 120. Suppose -3*g = 2*c - 113, 55 = c - 2*g + 4*g. Calculate the remainder when c is divided by f.
19
Let m(f) = 14*f**2 + 8*f + 15. What is the remainder when m(-2) is divided by 16?
7
Let y(s) = s + 15. Let m be y(-5). Calculate the remainder when 121 is divided by (m/15)/((-8)/(-372)).
28
Suppose -73*a + 7805 = -38*a. What is the remainder when a is divided by 42?
13
Let d(h) = -h**3 + 2*h**2 - 4*h + 93. Calculate the remainder when d(0) is divided by 30.
3
Calculate the remainder when -7 - (-161 - (-10 - -8)) is divided by 32.
24
Let u = -138 + 430. What is the remainder when u is divided by 12?
4
Suppose -4*t - i + 109 = 0, i + 0 = 5. Let c = -26 - -56. Suppose -4*m = -c - t. What is the remainder when 53 is divided by m?
11
Let u(w) = 0*w - 7*w + 6*w. What is the remainder when 4 - 1/((-1)/4) is divided by u(-2)?
0
Let t(c) = c**3 + c**2 + 2*c - 9. Calculate the remainder when 129 is divided by t(3).
30
Suppose -11*j = -935 - 1507. Calculate the remainder when j is divided by 15.
12
Suppose -3*b - 9 = 0, 8*b + 588 = 3*a + 9*b. Calculate the remainder when a is divided by 41.
33
Suppose 81 = 15*r - 219. What is the remainder when 335 is divided by r?
15
Suppose r - 8 - 10 = 0. Suppose 2*o = 2*k + 10, 32*o + 2*k - 60 = 27*o. What is the remainder when r is divided by o?
8
Let i(r) = 3*r**2 + 28*r - 6. Suppose -51 = 3*m + 3*z, 2*m + z + 14 = 3*z. Calculate the remainder when i(m) is divided by 23.
21
Let q be 20/(-28)*(0 - 7). Suppose 0 = 10*d - q*d - 115. Calculate the remainder when 45 is divided by d.
22
Let n(b) = b**2 - 7*b - 60. Calculate the remainder when 111 is divided by n(-8).
51
Suppose -x + 8 = 2. What is the remainder when (-2)/16 - 3365/(-40) is divided by (2*-1)/(x/(-87))?
26
Calculate the remainder when 78 is divided by (-8)/(-40)*0 - -9.
6
Let i(a) = 9*a**3 - 62*a**2 - 17. Suppose -3*s - 253 = -4*k, -3*k + 41 = 4*s - 130. What is the remainder when k is divided by i(7)?
29
Let u = 1351 + -1300. What is the remainder when u is divided by 14?
9
Let x(l) = l**2 - 10*l + 20. Suppose -3*o - 3 + 30 = 0. Let q(f) = 2*f + 6. Calculate the remainder when q(7) is divided by x(o).
9
Suppose -6*p = -476 + 44. Calculate the remainder when p is divided by 36.
0
Let x = 543 + -533. What is the remainder when 19 is divided by x?
9
Let w be ((-9)/12)/((-2)/8). Suppose 0 = 2*t - d + 3, 4*d - 5*d + w = t. Suppose -y - 4*y + 105 = t. What is the remainder when y is divided by 8?
5
Let d be -3*4/3*5/(-10). Suppose t + d*t = 42. What is the remainder when t is divided by 6?
2
Suppose -4*m + 51 = 3. Let u(j) = -j**3 + 3*j**2 + 3*j. What is the remainder when m is divided by u(3)?
3
Suppose -k + 4*x - 2*x = 8, -2*k + 2*x - 8 = 0. Let w(c) = c**2 + k - 2*c**2 + 7*c - 2. Calculate the remainder when 30 is divided by w(5).
6
Suppose -2*y = -5*w + 434, -8*w + 7*w + 73 = -5*y. What is the remainder when w is divided by 26?
10
Let r = 11 + -9. Suppose -o + r*o = -z + 9, 5*z = -o + 25. Calculate the remainder when 7 is divided by z.
3
Let l be (18/(-15))/((-1)/(-50)*-1). Let x = 75 - l. Let f(k) = 5*k + 12. What is the remainder when f(9) is divided by x?
12
Let y be -1*6*(-8)/12. Suppose -5*m = -y*x - 111, 5*m = m - 4*x + 96. Calculate the remainder when m is divided by 8.
7
Let d(b) = -b**2 - 18*b - 2. What is the remainder when 267 is divided by d(-14)?
51
Suppose 0 = 7*p - 3*p - 40. What is the remainder when 48 - (-3)/((-6)/(-14)) is divided by p?
5
Let w = -53 - -86. Calculate the remainder when 228 is divided by w.
30
Let m(h) = -7*h - 71. Calculate the remainder when 244 is divided by m(-19).
58
Suppose 5*o = -3*j - 0*j + 1, -2*j = 2*o - 2. What is the remainder when -1 + o/((-2)/208) is divided by 21?
19
Let a be -65*(-2)/(-4)*(-36)/45. What is the remainder when 45 is divided by 297/13 + 1 + (-22)/a?
22
Suppose -8*q + 30*q - 264 = 0. Calculate the remainder when 177 is divided by q.
9
Let g(d) = -2*d**3 - 5*d**2 + 3*d - 4. Let j be g(3). Let f = 2120 - 2075. Calculate the remainder when f is divided by (-1)/2 - j/4.
22
Let j(w) = 2*w - 5. Let l be j(2). Let o = -18 - -29. Calculate the remainder when ((-22)/(-55))/(l/(-105)) is divided by o.
9
Let v = 29 + -28. Suppose -3*y - v + 19 = 0. What is the remainder when 8 is divided by y?
2
Let q = 220 - 219. Let v = -3 - -10. Suppose -2*a + q = -v. What is the remainder when a is divided by 3?
1
Suppose -42 = -7*k + 4*k. Let p = k - 5. Calculate the remainder when 0 - 0/(-3) - -35 is divided by p.
8
Let o = -73 - -67. What is the remainder when 5 is divided by (-2 - o - 1)/(15/25)?
0
Let s = 310 + -286. Let t(k) = k**2 + 3*k + 5. Calculate the remainder when t(8) is divided by s.
21
Suppose -21*p = 5*w - 23*p - 16, -3*p - 2 = -2*w. Let m = 23 + -9. Calculate the remainder when m is divided by w.
2
Let s(l) = l**3 + 11*l**2 + 19*l - 21. Calculate the remainder when 46 is divided by s(-8).
8
Let c be 32/6 - 6/18. Suppose c*p + 3 = 4*p. Calculate the remainder when 3 + (11 - p/3) is divided by 9.
6
Let u(z) = z**2 - 30*z + 155. Calculate the remainder when 74 is